{"id":4429,"date":"2022-05-09T13:59:00","date_gmt":"2022-05-09T11:59:00","guid":{"rendered":"https:\/\/escenanorte.com\/inscripcion-estancias-de-intercambio-cruces\/"},"modified":"2024-04-03T14:04:02","modified_gmt":"2024-04-03T12:04:02","slug":"inscripcion-estancies-dintercambiu-encruces","status":"publish","type":"page","link":"https:\/\/escenanorte.com\/ast\/inscripcion-estancies-dintercambiu-encruces\/","title":{"rendered":"Inscripcion estancies d&#8217;intercambiu encruces"},"content":{"rendered":"<div>\n<h1>Inscripci\u00f3n convocatoria d\u2019intercambiu ENCRUCES<\/h1>\n<div>\n<p>El plazu d\u2019inscripci\u00f3n de proyectos nel programa ENCRUCES de Cam\u00edn Escena Norte 2024 va dende\u2019l\u00a0llunes 4 de marzu a les 14.00 h al mi\u00e9rcoles 3 d\u2019abril a les 14.00 h.<\/p>\n<p>Nun va ser v\u00e1lida la inscripci\u00f3n de proyectos fuera del plazu establec\u00edu, nin per otra v\u00eda que nun s\u00eda\u2019l correspondiente formulariu al travi\u00e9s de la web <a href=\"http:\/\/www.escenanorte.com\"><span>www.escenanorte.com<\/span><\/a><\/p>\n<p>LLEER CON ATENCI\u00d3N ENANTES DE COMPLETAR LA FICHA D&#8217;INSCRIPCI\u00d3N DE PROYECTU.<\/p>\n<\/div>\n<p><a href=\"\/wp-content\/uploads\/2024\/03\/CEN2024_Bases-ENCRUCES-AST.pdf\">ENCRUCES &#8211; DOCUMENTU INFORMATIVU Y BASES DE PARTICIPACI\u00d3N<\/a><\/p>\n<\/div>\n<p><!--more--><br \/>\n<!-- {\"type\":\"layout\",\"children\":[{\"name\":\"Inscripci\\u00f3n espect\\u00e1culos 2021\",\"type\":\"section\",\"props\":{\"image_position\":\"center-center\",\"overlap\":false,\"style\":\"muted\",\"title_breakpoint\":\"xl\",\"title_position\":\"top-left\",\"title_rotation\":\"left\",\"vertical_align\":\"middle\",\"width\":\"default\"},\"children\":[{\"type\":\"row\",\"children\":[{\"type\":\"column\",\"props\":{\"image_position\":\"center-center\",\"position_sticky_breakpoint\":\"m\",\"width_medium\":\"1-1\"},\"children\":[{\"type\":\"panel\",\"props\":{\"content\":\"\n\n<p>El plazu d\\u2019inscripci\\u00f3n de proyectos nel programa ENCRUCES de Cam\\u00edn Escena Norte 2024 va dende\\u2019l\\u00a0llunes 4 de marzu a les 14.00 h al mi\\u00e9rcoles 3 d\\u2019abril a les 14.00 h.<\\\/p>\\n\n\n<p>Nun va ser v\\u00e1lida la inscripci\\u00f3n de proyectos fuera del plazu establec\\u00edu, nin per otra v\\u00eda que nun s\\u00eda\\u2019l correspondiente formulariu al travi\\u00e9s de la web <a href=\\\"http:\\\/\\\/www.escenanorte.com\\\"><span>www.escenanorte.com<\\\/span><\\\/a><\\\/p>\\n\n\n<p>LLEER CON ATENCI\\u00d3N ENANTES DE COMPLETAR LA FICHA D'INSCRIPCI\\u00d3N DE PROYECTU.<\\\/p>\",\"content_column_breakpoint\":\"m\",\"content_style\":\"text-lead\",\"icon\":\"file-edit\",\"icon_width\":100,\"image_align\":\"top\",\"image_grid_breakpoint\":\"m\",\"image_grid_width\":\"1-2\",\"image_svg_color\":\"emphasis\",\"link\":\"wp-content\\\/uploads\\\/2024\\\/03\\\/CEN2024_Bases-ENCRUCES-AST.pdf\",\"link_size\":\"large\",\"link_style\":\"primary\",\"link_target\":true,\"link_text\":\"ENCRUCES - DOCUMENTU INFORMATIVU Y BASES DE PARTICIPACI\\u00d3N\",\"margin\":\"default\",\"meta\":\"\",\"meta_align\":\"below-title\",\"meta_element\":\"div\",\"meta_style\":\"text-meta\",\"text_align\":\"center\",\"title\":\"Inscripci\\u00f3n convocatoria d\\u2019intercambiu ENCRUCES\",\"title_align\":\"top\",\"title_element\":\"h1\",\"title_grid_breakpoint\":\"m\",\"title_grid_width\":\"1-2\",\"title_hover_style\":\"reset\",\"title_style\":\"h1\"}},{\"type\":\"headline\",\"props\":{\"content\":\"FORMULARIU D'INSCRIPCI\\u00d3N DE PROYECTOS\",\"margin\":\"large\",\"margin_remove_bottom\":true,\"status\":\"disabled\",\"text_align\":\"center\",\"title_element\":\"h1\",\"title_style\":\"h2\"}},{\"type\":\"icon\",\"props\":{\"icon\":\"warning\",\"icon_color\":\"warning\",\"icon_width\":40,\"margin\":\"small\",\"margin_remove_bottom\":true,\"status\":\"disabled\",\"text_align\":\"center\"}},{\"type\":\"text\",\"props\":{\"column_breakpoint\":\"m\",\"content\":\"<strong>TIEN DE COMPLETASE TOLA INFORMACI\\u00d3N SOLAMENTE EN CASTELL\\u00c1N.<br \\\/>Tolos campos son obligatorios sacante\\u00b4l de les redes sociales y el de la informaci\\u00f3n complementaria.<\\\/strong><\\\/p>\",\"margin\":\"default\",\"margin_remove_top\":true,\"status\":\"disabled\",\"text_align\":\"center\",\"text_color\":\"warning\",\"text_style\":\"large\"}},{\"type\":\"html\",\"props\":{\"content\":\"[contact-form-7 id=\\\"4408\\\" title=\\\"Inscripci\\u00f3n estancies d'intercambiu ENCRUCES\\\"]\",\"status\":\"disabled\"}}]}]}]}],\"version\":\"4.3.8\"} --><\/p>\n","protected":false},"excerpt":{"rendered":"<p>Inscripci\u00f3n convocatoria d\u2019intercambiu ENCRUCES El plazu d\u2019inscripci\u00f3n de proyectos nel programa ENCRUCES de Cam\u00edn Escena Norte 2024 va dende\u2019l\u00a0llunes 4 de marzu a les 14.00 h al mi\u00e9rcoles 3 d\u2019abril [&hellip;]<\/p>\n","protected":false},"author":1,"featured_media":0,"parent":0,"menu_order":0,"comment_status":"closed","ping_status":"closed","template":"","meta":{"footnotes":""},"class_list":["post-4429","page","type-page","status-publish","hentry"],"yoast_head":"<!-- This site is optimized with the Yoast SEO plugin v27.2 - https:\/\/yoast.com\/product\/yoast-seo-wordpress\/ -->\n<title>Inscripcion estancies d&#039;intercambiu encruces - Camino Escena Norte<\/title>\n<meta name=\"robots\" content=\"index, follow, max-snippet:-1, max-image-preview:large, max-video-preview:-1\" \/>\n<link rel=\"canonical\" href=\"https:\/\/escenanorte.com\/ast\/inscripcion-estancies-dintercambiu-encruces\/\" \/>\n<meta property=\"og:locale\" content=\"en_US\" \/>\n<meta property=\"og:type\" content=\"article\" \/>\n<meta property=\"og:title\" content=\"Inscripcion estancies d&#039;intercambiu encruces - Camino Escena Norte\" \/>\n<meta property=\"og:description\" content=\"Inscripci\u00f3n convocatoria d\u2019intercambiu ENCRUCES El plazu d\u2019inscripci\u00f3n de proyectos nel programa ENCRUCES de Cam\u00edn Escena Norte 2024 va dende\u2019l\u00a0llunes 4 de marzu a les 14.00 h al mi\u00e9rcoles 3 d\u2019abril [&hellip;]\" \/>\n<meta property=\"og:url\" content=\"https:\/\/escenanorte.com\/ast\/inscripcion-estancies-dintercambiu-encruces\/\" \/>\n<meta property=\"og:site_name\" content=\"Camino Escena Norte\" \/>\n<meta property=\"article:publisher\" content=\"https:\/\/www.facebook.com\/escenanorte\" \/>\n<meta property=\"article:modified_time\" content=\"2024-04-03T12:04:02+00:00\" \/>\n<meta property=\"og:image\" content=\"https:\/\/escenanorte.com\/wp-content\/uploads\/2025\/06\/AAFF-CEN-ARTE-50X70-AS.jpg\" \/>\n\t<meta property=\"og:image:width\" content=\"1600\" \/>\n\t<meta property=\"og:image:height\" content=\"2233\" \/>\n\t<meta property=\"og:image:type\" content=\"image\/jpeg\" \/>\n<meta name=\"twitter:card\" content=\"summary_large_image\" \/>\n<meta name=\"twitter:label1\" content=\"Est. reading time\" \/>\n\t<meta name=\"twitter:data1\" content=\"1 minute\" \/>\n<script type=\"application\/ld+json\" class=\"yoast-schema-graph\">{\"@context\":\"https:\/\/schema.org\",\"@graph\":[{\"@type\":\"WebPage\",\"@id\":\"https:\/\/escenanorte.com\/ast\/inscripcion-estancies-dintercambiu-encruces\/\",\"url\":\"https:\/\/escenanorte.com\/ast\/inscripcion-estancies-dintercambiu-encruces\/\",\"name\":\"Inscripcion estancies d'intercambiu encruces - Camino Escena Norte\",\"isPartOf\":{\"@id\":\"https:\/\/escenanorte.com\/ast\/#website\"},\"datePublished\":\"2022-05-09T11:59:00+00:00\",\"dateModified\":\"2024-04-03T12:04:02+00:00\",\"breadcrumb\":{\"@id\":\"https:\/\/escenanorte.com\/ast\/inscripcion-estancies-dintercambiu-encruces\/#breadcrumb\"},\"inLanguage\":\"ast-ES\",\"potentialAction\":[{\"@type\":\"ReadAction\",\"target\":[\"https:\/\/escenanorte.com\/ast\/inscripcion-estancies-dintercambiu-encruces\/\"]}]},{\"@type\":\"BreadcrumbList\",\"@id\":\"https:\/\/escenanorte.com\/ast\/inscripcion-estancies-dintercambiu-encruces\/#breadcrumb\",\"itemListElement\":[{\"@type\":\"ListItem\",\"position\":1,\"name\":\"Portada\",\"item\":\"https:\/\/escenanorte.com\/ast\/\"},{\"@type\":\"ListItem\",\"position\":2,\"name\":\"Inscripcion estancies d&#8217;intercambiu encruces\"}]},{\"@type\":\"WebSite\",\"@id\":\"https:\/\/escenanorte.com\/ast\/#website\",\"url\":\"https:\/\/escenanorte.com\/ast\/\",\"name\":\"Camino Escena Norte\",\"description\":\"Escena Norte\",\"potentialAction\":[{\"@type\":\"SearchAction\",\"target\":{\"@type\":\"EntryPoint\",\"urlTemplate\":\"https:\/\/escenanorte.com\/ast\/?s={search_term_string}\"},\"query-input\":{\"@type\":\"PropertyValueSpecification\",\"valueRequired\":true,\"valueName\":\"search_term_string\"}}],\"inLanguage\":\"ast-ES\"}]}<\/script>\n<!-- \/ Yoast SEO plugin. -->","yoast_head_json":{"title":"Inscripcion estancies d'intercambiu encruces - Camino Escena Norte","robots":{"index":"index","follow":"follow","max-snippet":"max-snippet:-1","max-image-preview":"max-image-preview:large","max-video-preview":"max-video-preview:-1"},"canonical":"https:\/\/escenanorte.com\/ast\/inscripcion-estancies-dintercambiu-encruces\/","og_locale":"en_US","og_type":"article","og_title":"Inscripcion estancies d'intercambiu encruces - Camino Escena Norte","og_description":"Inscripci\u00f3n convocatoria d\u2019intercambiu ENCRUCES El plazu d\u2019inscripci\u00f3n de proyectos nel programa ENCRUCES de Cam\u00edn Escena Norte 2024 va dende\u2019l\u00a0llunes 4 de marzu a les 14.00 h al mi\u00e9rcoles 3 d\u2019abril [&hellip;]","og_url":"https:\/\/escenanorte.com\/ast\/inscripcion-estancies-dintercambiu-encruces\/","og_site_name":"Camino Escena Norte","article_publisher":"https:\/\/www.facebook.com\/escenanorte","article_modified_time":"2024-04-03T12:04:02+00:00","og_image":[{"width":1600,"height":2233,"url":"https:\/\/escenanorte.com\/wp-content\/uploads\/2025\/06\/AAFF-CEN-ARTE-50X70-AS.jpg","type":"image\/jpeg"}],"twitter_card":"summary_large_image","twitter_misc":{"Est. reading time":"1 minute"},"schema":{"@context":"https:\/\/schema.org","@graph":[{"@type":"WebPage","@id":"https:\/\/escenanorte.com\/ast\/inscripcion-estancies-dintercambiu-encruces\/","url":"https:\/\/escenanorte.com\/ast\/inscripcion-estancies-dintercambiu-encruces\/","name":"Inscripcion estancies d'intercambiu encruces - Camino Escena Norte","isPartOf":{"@id":"https:\/\/escenanorte.com\/ast\/#website"},"datePublished":"2022-05-09T11:59:00+00:00","dateModified":"2024-04-03T12:04:02+00:00","breadcrumb":{"@id":"https:\/\/escenanorte.com\/ast\/inscripcion-estancies-dintercambiu-encruces\/#breadcrumb"},"inLanguage":"ast-ES","potentialAction":[{"@type":"ReadAction","target":["https:\/\/escenanorte.com\/ast\/inscripcion-estancies-dintercambiu-encruces\/"]}]},{"@type":"BreadcrumbList","@id":"https:\/\/escenanorte.com\/ast\/inscripcion-estancies-dintercambiu-encruces\/#breadcrumb","itemListElement":[{"@type":"ListItem","position":1,"name":"Portada","item":"https:\/\/escenanorte.com\/ast\/"},{"@type":"ListItem","position":2,"name":"Inscripcion estancies d&#8217;intercambiu encruces"}]},{"@type":"WebSite","@id":"https:\/\/escenanorte.com\/ast\/#website","url":"https:\/\/escenanorte.com\/ast\/","name":"Camino Escena Norte","description":"Escena Norte","potentialAction":[{"@type":"SearchAction","target":{"@type":"EntryPoint","urlTemplate":"https:\/\/escenanorte.com\/ast\/?s={search_term_string}"},"query-input":{"@type":"PropertyValueSpecification","valueRequired":true,"valueName":"search_term_string"}}],"inLanguage":"ast-ES"}]}},"publishpress_future_action":{"enabled":false,"date":"2026-05-05 13:15:56","action":"change-status","newStatus":"draft","terms":[],"taxonomy":"translation_priority","extraData":[]},"publishpress_future_workflow_manual_trigger":{"enabledWorkflows":[]},"_links":{"self":[{"href":"https:\/\/escenanorte.com\/ast\/wp-json\/wp\/v2\/pages\/4429","targetHints":{"allow":["GET"]}}],"collection":[{"href":"https:\/\/escenanorte.com\/ast\/wp-json\/wp\/v2\/pages"}],"about":[{"href":"https:\/\/escenanorte.com\/ast\/wp-json\/wp\/v2\/types\/page"}],"author":[{"embeddable":true,"href":"https:\/\/escenanorte.com\/ast\/wp-json\/wp\/v2\/users\/1"}],"replies":[{"embeddable":true,"href":"https:\/\/escenanorte.com\/ast\/wp-json\/wp\/v2\/comments?post=4429"}],"version-history":[{"count":45,"href":"https:\/\/escenanorte.com\/ast\/wp-json\/wp\/v2\/pages\/4429\/revisions"}],"predecessor-version":[{"id":60836,"href":"https:\/\/escenanorte.com\/ast\/wp-json\/wp\/v2\/pages\/4429\/revisions\/60836"}],"wp:attachment":[{"href":"https:\/\/escenanorte.com\/ast\/wp-json\/wp\/v2\/media?parent=4429"}],"curies":[{"name":"wp","href":"https:\/\/api.w.org\/{rel}","templated":true}]}}